o*d - 1. Calculate r(-4).
-5
Suppose 0*d + 30 = 5*d. Suppose 4 = 2*m - d. Let b(o) = -5*o**3 - 12*o**2 + 30*o + 7. Let k(i) = i**3 + i**2 - 4*i - 2. Let l(v) = -b(v) - 6*k(v). Give l(m).
0
Let v(i) = -2*i**2 - 2*i - 1. Let u(l) = 7*l**2 + 15*l + 3. Let o(p) = -u(p) - 4*v(p). Calculate o(9).
19
Let d be (-24)/(-10) + 6/(-15). Let b(z) = -71*z**3 + 72*z**3 - 5*z**2 + d + 0*z**2. Let o(p) = -p**3 - 6*p**2 + 7*p + 5. Let w be o(-7). What is b(w)?
2
Let l(j) be the third derivative of j**6/120 - j**5/15 + j**4/8 - 2*j**3/3 - 3*j**2 - 1. Calculate l(3).
-4
Let r be 28/12 - 2/(9 - 3). Suppose 4*h - 1 = -3*z, r*h + 3*h = z + 25. Let l(p) = -2*p + 5. Give l(z).
15
Let r(f) = 5*f**2 + 43*f - 8. Let y(t) = 9*t**2 + 81*t - 15. Let g(m) = -11*r(m) + 6*y(m). Determine g(13).
-2
Let o(b) = b**3 + 7*b**2 - 7. Let g(j) = 2*j**3 + 15*j**2 - j - 15. Let v = -9 + 14. Let f(q) = v*o(q) - 2*g(q). What is f(-4)?
3
Let s(w) be the first derivative of -w**3 - 14 - 1/4*w**4 - 2*w - 3/2*w**2. Calculate s(-3).
7
Let u be (-12)/(-30)*-4*10. Let z be u/(-6) - 4/6. Suppose z = -j, j - 3 = -h - 11. Let q(i) = i**2 + 4*i - 5. Give q(h).
7
Let i(d) = -d**3 + 2*d**2 - d. Let u(v) = 2*v + 5 + 12 + 9*v - 14 - v**2. Let w = 21 + -10. Let p be u(w). Determine i(p).
-12
Let w = -1211 - -1206. Let k(h) = -h**2 - 4*h - 2. Let i(v) = -v**2 - 4*v - 2. Let u(x) = -4*i(x) + 3*k(x). What is u(w)?
7
Suppose -2*m - 18 = -22. Let u(r) = -8*r**2 + 1 + 0*r**m + 2 - 4 - r**3 + r. Give u(-8).
-9
Let r(o) be the third derivative of o**4/24 + 4*o**3/3 + 15*o**2. Suppose -4*n + 25 = -3*d, -5*d - n - 51 = -3*n. Let y = 17 + d. What is r(y)?
14
Let t(g) = 5*g - 13. Let c(n) = 5*n - 10. Let a(i) = -4*c(i) + 3*t(i). Calculate a(3).
-14
Let q(h) = -2*h + 2. Let i(n) = n**2 + 2*n - 4. Let d(v) = -i(v) + 3*q(v). Calculate d(-9).
1
Suppose 2*g - 4*m = 6, -4*m = 5*g - 3 + 2. Suppose -h + 2 = 1. Let c(x) = -x + 3*x - 4*x**2 + h - 3*x. Calculate c(g).
-4
Let z(c) = c**3 - c**2 - c + 12. Let f = -8 - 1. Let q = -6 - f. Suppose q*a - 4*a = 0. Give z(a).
12
Let j(a) = -a**3 + 2*a**2 + a + 3. Let c = 8 - 3. Let x be 4/2*(c + -6) + 5. What is j(x)?
-3
Suppose -128 = -4*n - 5*f, n + 4*f = 17 + 15. Let v = n + -28. Let q(b) = -b + 7. What is q(v)?
3
Let l be (38/8 - 4)*4. Let u(f) = f**l + 0*f**2 - 7*f**2 - 7*f - 2*f**3 - 3 + 6. What is u(-6)?
9
Let u be (-12)/(-39) - (-129)/(-39). Let o(q) = q**3 + 2*q**2 + 2*q - 1. Calculate o(u).
-16
Let z(b) = b**2 - 3*b - 11. Let r be (-20 + 55)*(-2)/(-14). What is z(r)?
-1
Let i(z) = -z**3 - z**2 - z. Let y(s) = 0*s + 12 + 0*s - 5*s + 2*s. Let n be y(4). What is i(n)?
0
Let p be 1 + -4*4/(-8). Let t(g) = 2*g - p - 7 + 9. What is t(-2)?
-5
Suppose -45*d = -40*d + 75. Let b = -13 - d. Let y(g) = -2*g**2 + g + 1. Give y(b).
-5
Let n = -4 - 0. Let b(i) = 137*i + 131*i - i**2 - 2 + 137*i - 408*i. What is b(n)?
-6
Suppose -5*u + 2*i = -2*i - 25, 2*u = -2*i - 8. Let h = 3 + u. Let x(q) = -q + 3. What is x(h)?
-1
Let b(t) = 3*t**2 - 11*t + 18. Let r(z) = -10*z**2 + 32*z - 56. Let w(m) = 7*b(m) + 2*r(m). Determine w(10).
-16
Let n(b) = -18*b + 3. Let g(y) = 3*y. Let k(u) = -4*g(u) - n(u). Calculate k(3).
15
Let r(v) = -2*v - 14. Let c be r(-8). Suppose 0 = -3*y - 5*j + 19, -c*y = -0*y + 3*j - 11. Let x be y*4*2/16. Let l(g) = 2*g**2 - g. What is l(x)?
3
Let s(c) = -c**2 - c + 2. Suppose -134 = -5*l + 4*u, 0 = -3*l + u + 40 + 39. Let y = l + -29. Give s(y).
-4
Let w(s) be the third derivative of s**6/120 + 3*s**5/20 + 7*s**4/24 - 18*s**2. Let l be (-1)/(-2*5/(-80)). Determine w(l).
8
Suppose 5*y = 17 - 7. Let o(n) = -10*n + 9. Let b(g) = -22*g + 20. Let q(m) = -6*b(m) + 13*o(m). Calculate q(y).
1
Let i(z) = -z - 1. Let b = 6 + -3. Let d(l) = 1 + 2 + 9*l - b*l + 0*l. Let j(k) = d(k) + 5*i(k). Determine j(3).
1
Let b(d) = -2*d - 5. Suppose 3*g = 7*g + 8, -4*k - 2 = 3*g. Suppose -4*u + 9 = k. Suppose 3*p = -3*z - p + 2, -3*p = -u*z - 27. Calculate b(z).
7
Let z(u) = -3 + 2*u + 9*u + 49*u**3 - 48*u**3 - 11*u**2 - 5. Suppose p - r - 4 = 6, -2*r = -p + 10. Determine z(p).
2
Let s(u) = -5*u - 6. Let k(y) = -4*y - 5. Let j(l) = -6*k(l) + 5*s(l). Suppose 2*p - 16 = -g, -2*g + p - 2*p = -26. Let t = 8 - g. What is j(t)?
4
Let b = -60 - -40. Let y be b/10*(-10)/4. Let h(i) = i**2 - 8*i + 6. Calculate h(y).
-9
Let i(c) = -c - 10. Let a be i(-5). Let g(n) = -7*n + 5 + 3*n**2 - 20 - 6*n**3 + 7*n**3 + 9. What is g(a)?
-21
Let j(x) = x**2 - 6*x - 6. Let c = 33 - 31. Let g be c/(-8) + (-609)/(-84). Determine j(g).
1
Let l(i) = 11 + 0*i**2 + 14 - 26 + i + i**2. What is l(-2)?
1
Suppose 0 = -5*o + 12*o + 7. Let n(r) = -11*r**3 + 2*r**2 + 2*r + 1. Determine n(o).
12
Let h(q) = -5*q - 86. Let d(g) = -3*g - 54. Let s(k) = -8*d(k) + 5*h(k). Give s(-1).
3
Let i(q) = -q + 8. Suppose -l = -28 + 14. Suppose 0 = 5*g - 7*g + l. Give i(g).
1
Let r(f) = -f**2 - 4*f + 5. Suppose -92 = -5*k - 0*w - 2*w, -k = 5*w. Suppose 4*y = 4 - k. Let v = 0 + y. What is r(v)?
5
Let w(y) = -y**2 + 12*y + 6. Let j be w(12). Let s(n) = n**3 - 5*n**2 - 5*n - 8. Determine s(j).
-2
Suppose -2*d - 4 = -y + 5, 4*d = -2*y + 2. Let l(r) = -6*r + 6*r - 3*r - 6 + y*r. Calculate l(6).
6
Let o be 6/3 + 0 + 5. Let u(i) = -10*i - 49*i**2 + 5 - 2*i**3 + 57*i**2 + i**3. Determine u(o).
-16
Let w(l) = 4 - 45*l + 80*l - 27*l. What is w(-4)?
-28
Let r = 40 - 41. Let p(u) = 3*u + 1. Let m be p(r). Let l(k) = 0 + 1 + 2 + 3*k + k**2. Calculate l(m).
1
Let u(d) = 23*d - 7. Let t(m) = 12*m - 4. Let b(k) = -5*t(k) + 3*u(k). Give b(-1).
-10
Let t be (3/(-6) + 1)*2. Suppose 1 + t = -r. Let u(a) = -4 + 11 - 5 - 4*a. Give u(r).
10
Let r be 2/(-6)*2/6*27. Let l be ((-10)/15)/((-4)/r)*0. Let w(q) be the second derivative of -q**3/6 - q**2 - 2*q. Calculate w(l).
-2
Let p be (15/6 + -2)*-10. Let w(v) = -v - 7 - 5 + 4 + 3 - v**2 - v. What is w(p)?
-20
Let k(n) = -n + 2. Let s(q) = -q**2 + 14*q + 8. Let f(g) = k(g) + s(g). Determine f(12).
22
Let y(t) be the first derivative of 1/2*t**2 + 3*t + 1. Let s be y(-10). Let f(z) = z + 1. Calculate f(s).
-6
Let n = -33 - -3. Let m = 33 + n. Let z(u) = 3 + 3 + 4*u - u**3 + 2*u**2 - 7*u**2 + m*u. Determine z(-6).
0
Suppose -9 = h - 84. Let n(c) = 80*c + h*c - 153*c. Calculate n(7).
14
Let q(a) = -3*a**2 + 6*a + 4. Let w(y) = -y**2 - 2*y + 18. Let u be w(-5). Calculate q(u).
-5
Let o(f) be the first derivative of -f**3/3 - 2*f**2 + 4*f - 5. Let m = 18 + -8. Suppose 8*v - m = 10*v. Give o(v).
-1
Let j(y) = -y**2 - 1. Suppose -6*w + 14 = -2*s - 8*w, -s - 1 = -w. What is j(s)?
-17
Let j(l) = 4*l**3 - 9*l**2 - 12*l + 15. Let a(z) = 3*z**3 - 9*z**2 - 12*z + 15. Let m be (-1*(-4 + 5))/(1/3). Let p(i) = m*a(i) + 2*j(i). What is p(10)?
5
Let c(u) = u**2 + 8*u + 1. Let h = 17 - 15. Suppose 2*x - 8 + 2 = w, h*x = -3*w - 26. Give c(w).
1
Suppose 0 = -5*h + 4*c - 7*c - 24, 4*h - c = -9. Let g(f) = -2*f**2 + 5*f + 4. Give g(h).
-29
Let v = 29 + -12. Let y = 17 - v. Let n(q) = 5*q**2 - 6 - 6*q - 6*q**2 + y. What is n(-4)?
2
Let h(n) be the third derivative of n**6/120 + n**5/12 - n**4/6 - 5*n**3/6 + n**2 + 112. What is h(-6)?
-17
Suppose 5*p + p = 18. Let i be -1 + 9 + (5 - p). Let h(z) = 2*z - 14. Give h(i).
6
Let m(y) = 12*y + 12. Let c(k) = k**2 + 13*k + 11. Let b(x) = -2*c(x) + 3*m(x). Let f be b(6). Let u(p) = 7*p - 2. Determine u(f).
12
Let h(g) = -15*g**2 - g - 2. Let y(s) = -22*s**2 - 2*s - 3. Let x(u) = -3*h(u) + 2*y(u). What is x(-6)?
42
Let l(f) = 7*f**2 + 13*f - 12. Let h(q) = -4*q**2 - 6*q + 7. Let c(r) = 5*h(r) + 3*l(r). Give c(-9).
-1
Let i(k) = -11*k**3 + 27*k**3 + 1 - 2*k + k - 15*k**3. Calculate i(0).
1
Suppose -t - 13 = -p, 61*p - 56*p = t + 29. Let d(n) = -4*n - 34. What is d(t)?
2
Let s(f) = -3*f**3 + 8*f**2 - 4*f - 4. Let x(v) = 9*v**3 - 26*v**2 + 13*v + 13. Let h(o) = 7*s(o) + 2*x(o). Give h(2).
-14
Let x = -25 + 45. Suppose -b = -6*b + x. Let w(l) = 2*l - 2 + 6*l - 2*l - l**2. Give w(b).
6
Let d(v) be the second derivative of -v**5/20 - 2*v**4/3 + v**3/3 + 5*v**2/2 + 81*v. Determine d(-8).
-11
Let c(w) = 4*w - 25. Suppose -30*d + 95 + 55 = 0. Calculate c(d).
-5
Suppose -5*l = -5*x + 280, 5 = 2*x + 3*l - 87. Let z(j) = -j**3 + 13*j**3 + x*j**2 - 52*j**2 - j. Calculate z(1).
11
Let m = -391 - -375. Let y(x) = -x**2 - 16*x - 1. Calculate y(m).
-1
Let b(x) = 5*x**2 - 9. Let p(j) = -j**2. Let q(m) = -b(m) - p(m). Let t(